nder when 22525 is divided by 4505.
0
What is the remainder when 527199 is divided by 202?
181
What is the remainder when 19736 is divided by 15?
11
What is the remainder when 1273 is divided by 127?
3
What is the remainder when 202661 is divided by 28?
25
What is the remainder when 1768 is divided by 15?
13
Calculate the remainder when 9596 is divided by 902.
576
Calculate the remainder when 609 is divided by 27.
15
What is the remainder when 967 is divided by 16?
7
What is the remainder when 28976 is divided by 1259?
19
What is the remainder when 22532 is divided by 22514?
18
What is the remainder when 10224 is divided by 231?
60
Calculate the remainder when 138384 is divided by 29.
25
Calculate the remainder when 24590355 is divided by 598.
595
Calculate the remainder when 6116 is divided by 161.
159
Calculate the remainder when 111254 is divided by 1250.
4
What is the remainder when 47311 is divided by 117?
43
What is the remainder when 3187872 is divided by 533?
532
Calculate the remainder when 1651744 is divided by 265.
264
What is the remainder when 163031 is divided by 35?
1
What is the remainder when 4353 is divided by 434?
13
What is the remainder when 127 is divided by 63?
1
Calculate the remainder when 10453 is divided by 2043.
238
What is the remainder when 13151 is divided by 13?
8
Calculate the remainder when 123806 is divided by 133.
116
Calculate the remainder when 7806 is divided by 950.
206
Calculate the remainder when 20627 is divided by 2283.
80
What is the remainder when 187721 is divided by 187714?
7
Calculate the remainder when 98478 is divided by 679.
23
Calculate the remainder when 2744 is divided by 40.
24
What is the remainder when 44362 is divided by 549?
442
What is the remainder when 575742 is divided by 208?
206
Calculate the remainder when 55004 is divided by 27500.
4
What is the remainder when 51307 is divided by 454?
5
What is the remainder when 104062 is divided by 575?
562
Calculate the remainder when 5535 is divided by 1718.
381
Calculate the remainder when 1553 is divided by 275.
178
What is the remainder when 77264 is divided by 274?
270
Calculate the remainder when 18884 is divided by 17.
14
What is the remainder when 35605 is divided by 17753?
99
What is the remainder when 4704 is divided by 39?
24
Calculate the remainder when 34397 is divided by 50.
47
Calculate the remainder when 1318361 is divided by 17.
11
Calculate the remainder when 481 is divided by 350.
131
What is the remainder when 1091217 is divided by 1334?
5
Calculate the remainder when 53 is divided by 39.
14
What is the remainder when 12714 is divided by 289?
287
What is the remainder when 669966 is divided by 223321?
3
Calculate the remainder when 6614 is divided by 245.
244
Calculate the remainder when 1249 is divided by 9.
7
What is the remainder when 11480 is divided by 72?
32
Calculate the remainder when 1194865 is divided by 59.
56
What is the remainder when 10597 is divided by 208?
197
Calculate the remainder when 7352 is divided by 567.
548
What is the remainder when 50901 is divided by 1643?
1611
Calculate the remainder when 33694 is divided by 2090.
254
Calculate the remainder when 17274 is divided by 1581.
1464
What is the remainder when 20721 is divided by 505?
16
What is the remainder when 5832 is divided by 1461?
1449
What is the remainder when 372029 is divided by 31?
29
What is the remainder when 1047 is divided by 50?
47
Calculate the remainder when 15038 is divided by 1475.
288
What is the remainder when 5076332 is divided by 369?
368
Calculate the remainder when 1245 is divided by 636.
609
Calculate the remainder when 133 is divided by 64.
5
Calculate the remainder when 25271 is divided by 45.
26
Calculate the remainder when 1043 is divided by 26.
3
What is the remainder when 353623 is divided by 375?
373
What is the remainder when 8999 is divided by 158?
151
Calculate the remainder when 11321 is divided by 74.
73
What is the remainder when 21407 is divided by 5346?
23
What is the remainder when 831 is divided by 83?
1
What is the remainder when 366793 is divided by 541?
536
What is the remainder when 1827 is divided by 194?
81
What is the remainder when 103493 is divided by 515?
493
What is the remainder when 6124 is divided by 56?
20
Calculate the remainder when 45137 is divided by 1057.
743
What is the remainder when 4407484 is divided by 217?
214
Calculate the remainder when 2525 is divided by 2513.
12
What is the remainder when 9306 is divided by 4637?
32
What is the remainder when 52558 is divided by 235?
153
What is the remainder when 13540 is divided by 4361?
457
What is the remainder when 1173274 is divided by 327?
325
What is the remainder when 46696 is divided by 154?
34
Calculate the remainder when 2948622 is divided by 737153.
10
What is the remainder when 11524 is divided by 268?
0
What is the remainder when 2080 is divided by 980?
120
Calculate the remainder when 15149 is divided by 12.
5
What is the remainder when 199725 is divided by 37?
36
Calculate the remainder when 124594 is divided by 20.
14
What is the remainder when 224986 is divided by 56242?
18
Calculate the remainder when 45489 is divided by 130.
119
Calculate the remainder when 24816 is divided by 285.
21
What is the remainder when 5614 is divided by 223?
39
Calculate the remainder when 55861 is divided by 114.
1
What is the remainder when 105946 is divided by 50?
46
What is the remainder when 45387 is divided by 1973?
8
What is the remainder when 6587 is divided by 265?
227
Calculate the remainder when 46755 is divided by 11682.
27
What is the remainder when 17366 is divided by 86?
80
Calculate the remainder when 6473 is divided by 12.
5
What is the remainder when 244227 is divided by 105?
102
What is the remainder when 24059 is divided by 18?
11
What is the remainder when 49809 is divided by 109?
105
What is the remainder when 2370 is divided by 294?
18
What is the remainder when 70918 is divided by 121?
12
What is the remainder when 4070 is divided by 1?
0
What is the remainder when 82198 is divided by 13692?
46
Calculate the remainder when 758349 is divided by 14.
11
What is the remainder when 114202 is divided by 4758?
10
Calculate the remainder when 6628 is divided by 1584.
292
What is the remainder when 13034 is divided by 65?
34
What is the remainder when 28342 is divided by 92?
6
Calculate the remainder when 97254 is divided by 9724.
14
What is the remainder when 1959 is divided by 134?
83
Calculate the remainder when 1088 is divided by 271.
4
What is the remainder when 8339 is divided by 12?
11
What is the remainder when 24347 is divided by 428?
379
What is the remainder when 33631 is divided by 60?
31
Calculate the remainder when 14305 is divided by 461.
14
What is the remainder when 227259 is divided by 56812?
11
What is the remainder when 6123 is divided by 3041?
41
What is the remainder when 11543 is divided by 189?
14
Calculate the remainder when 8823 is divided by 143.
100
Calculate the remainder when 18878 is divided by 6126.
500
What is the remainder when 613894 is divided by 140?
134
What is the remainder when 9090 is divided by 24?
18
What is the remainder when 956242 is divided by 27321?
7
Calculate the remainder when 322810 is divided by 732.
730
Calculate the remainder when 32777 is divided by 91.
17
Calculate the remainder when 143367 is divided by 97.
1
Calculate the remainder when 1144 is divided by 87.
13
What is the remainder when 84053 is divided by 632?
629
Calculate the remainder when 1383 is divided by 428.
99
What is the remainder when 401765 is divided by 227?
202
What is the remainder when 5568 is divided by 173?
32
What is the remainder when 5232 is divided by 35?
17
What is the remainder when 6333 is divided by 6320?
13
What is the remainder when 52449 is divided by 64?
33
Calculate the remainder when 294063 is divided by 16.
15
What is the remainder when 5205 is divided by 55?
35
Calculate the remainder when 3679 is divided by 694.
209
What is the remainder when 859 is divided by 294?
271
What is the remainder when 2359042 is divided by 108?
106
What is the remainder when 145036 is divided by 72489?
58
What is the remainder when 6853 is divided by 245?
238
Calculate the remainder when 18657 is divid